-- phpMyAdmin SQL Dump
-- version 4.6.5.2
-- https://www.phpmyadmin.net/
--
-- Host: 127.0.0.1
-- Generation Time: Nov 13, 2020 at 02:42 PM
-- Server version: 10.1.21-MariaDB
-- PHP Version: 7.1.14

SET SQL_MODE = "NO_AUTO_VALUE_ON_ZERO";
SET time_zone = "+00:00";


/*!40101 SET @OLD_CHARACTER_SET_CLIENT=@@CHARACTER_SET_CLIENT */;
/*!40101 SET @OLD_CHARACTER_SET_RESULTS=@@CHARACTER_SET_RESULTS */;
/*!40101 SET @OLD_COLLATION_CONNECTION=@@COLLATION_CONNECTION */;
/*!40101 SET NAMES utf8mb4 */;

--
-- Database: `laravel_naxeva`
--

--
-- Dumping data for table `exams_subject_masters`
--

INSERT INTO `exams_subject_masters` (`id`, `subject_title`, `subject_code`, `slug`, `maximum_marks`, `pass_marks`, `is_lab`, `is_elective_type`, `status`, `created_at`, `updated_at`) VALUES
(1, 'English', 'ENG', 'english-7fdc9d613bd5013101d7e54ceca36c7cd88d81c0', 0, 0, 0, 0, 'Active', '2018-04-03 02:26:58', '2018-04-03 02:26:58'),
(2, 'History', 'HI', 'history-064c740bd02e9cc48fd0911ecea5beeabda8e8f6-1', 0, 0, 0, 0, 'Active', '2018-04-03 02:26:58', '2018-04-03 02:26:58'),
(3, 'Geography', 'GE', 'geography-cd5a3c19fcddd2a625bb77000a0edf0f13f84063', 0, 0, 0, 0, 'Active', '2018-04-03 02:26:58', '2018-04-03 02:26:58'),
(5, 'Physics', 'PH', 'physics-933f6d91e6f56c460d957c40eb665b1907e34a64-4', 0, 0, 0, 0, 'Active', '2018-04-03 02:26:58', '2018-04-03 02:26:58'),
(6, 'Chemistry', 'CH', 'chemistry-ab2c0d660c3109249c547a9f9f3a69b874aa977e', 0, 0, 0, 0, 'Active', '2018-04-03 02:26:58', '2018-04-03 02:26:58'),
(7, 'Maths', 'MT', 'maths-0d0afa8b6d5a1dda40ee070c3f5eee0b4dbcc3b5-6', 0, 0, 0, 0, 'Active', '2018-04-03 02:26:58', '2018-04-03 02:26:58'),
(10, 'MathJax', 'MJ', 'mathjax-02a0f05549d5696fa54a9c2e8a23715a1109c0d7-6', 0, 0, 0, 0, 'Active', '2019-06-03 21:31:10', '2019-06-03 21:31:10');

--
-- Dumping data for table `exams_subject_topics`
--

INSERT INTO `exams_subject_topics` (`id`, `subject_id`, `parent_id`, `topic_name`, `slug`, `description`, `sort_order`, `created_at`, `updated_at`) VALUES
(1, 1, 0, 'Chapter 1', '60ffd2f51325844d02f96b806ab8ad2571e2466b', 'Contains all the basics', 1, '2018-04-03 02:31:00', '2018-04-03 02:31:00'),
(2, 2, 0, 'Chapter 1', '09056c089197b536c05209b5096493b5e865b580-1', 'Contains all the basics', 1, '2018-04-03 02:31:00', '2018-04-03 02:31:00'),
(3, 3, 0, 'Chapter 1', 'c301b03a6b1a30d552874c50fbc658b2500c2244-2', 'Contains all the basics', 1, '2018-04-03 02:31:00', '2018-04-03 02:31:00'),
(5, 5, 0, 'Chapter 1', 'b711ff67336d9a01a69e30128eadd73b20fdd843-4', 'Contains all the basics', 1, '2018-04-03 02:31:00', '2018-04-03 02:31:00'),
(6, 6, 0, 'Chapter 1', '0f216ccc9e928ee57e27f046883bb6d808f06ec6-5', 'Contains all the basics', 1, '2018-04-03 02:31:00', '2018-04-03 02:31:00'),
(7, 7, 0, 'Chapter 1', 'c4d09e1aae39f713c84ee1856b4d44184bafa76f-6', 'Contains all the basics', 1, '2018-04-03 02:31:00', '2018-04-03 02:31:00'),
(9, 7, 0, 'Reasoning', 'reasoning-7', 'Contains all the basics  \r\n', 1, '2018-04-04 02:01:14', '2019-06-03 04:34:28'),
(10, 10, 0, 'Mathjax', 'mathjax-7', '', 1, '2019-06-03 21:31:36', '2019-06-03 21:31:36');

--
-- Dumping data for table `question_banks`
--

INSERT INTO `question_banks` (`id`, `subject_id`, `topic_id`, `question_tags`, `slug`, `question_type`, `question`, `question_file`, `question_file_is_url`, `total_answers`, `answers`, `total_correct_answers`, `correct_answers`, `marks`, `time_to_spend`, `difficulty_level`, `hint`, `explanation`, `explanation_file`, `status`, `question_l2`, `explanation_l2`, `language`, `number_test_cases`, `number_inputs`, `number_outputs`, `values_coding`, `created_at`, `updated_at`) VALUES
(1, 2, 2, '', '9b93bb35ab122b1e8485c6e4bfa70b274db48f96', 'radio', '<p>What is the capital of India</p>\r\n', '', 0, 2, '[{\"option_value\":\"Delhi\",\"optionl2_value\":\"\\u0926\\u092f\\u093e\\u0930\\u093e\\u092e \\u0938\\u093e\\u0939\\u0928\\u0940\",\"has_file\":0,\"file_name\":\"\"},{\"option_value\":\"Panjab\",\"optionl2_value\":\"\\u0930\\u093e\\u0916\\u0932\\u0926\\u093e\\u0938 \\u092c\\u0928\\u0930\\u094d\\u091c\\u0940\",\"has_file\":0,\"file_name\":\"\"}]', 1, '1', 2, 30, 'easy', 'no hint', '<p>no Explanatio</p>\r\n', NULL, 1, NULL, NULL, NULL, 0, 0, 0, NULL, '2018-04-02 19:45:51', '2018-04-02 19:49:04'),
(2, 2, 2, '', 'c612bf1478092ccc76b779104e84c88340541c67-1', 'radio', '<p>The nucleus of an atom consists of</p>\r\n', '', 0, 2, '[{\"option_value\":\"electrons and neutrons\",\"optionl2_value\":\"\\u092c\\u093f\\u0928\\u094d\\u0926\\u0941\\u0938\\u093e\\u0930\",\"has_file\":0,\"file_name\":\"\"},{\"option_value\":\"electrons and protons\",\"optionl2_value\":\"\\u0905\\u0936\\u094b\\u0915\",\"has_file\":0,\"file_name\":\"\"}]', 1, '1', 2, 30, 'easy', 'no hint', '<p>no Explanatio</p>\r\n', NULL, 1, NULL, NULL, NULL, 0, 0, 0, NULL, '2018-04-02 19:45:51', '2018-04-02 19:50:18'),
(3, 2, 2, '', 'fba38a378a6aaef9c1b444cd6af699758f7bb470-2', 'radio', '<p>The number of moles of solute present in 1 kg of a solvent is called its</p>\r\n', '', 0, 2, '[{\"option_value\":\"molality\",\"optionl2_value\":\" \\u092e\\u0941\\u0939\\u092e\\u094d\\u092e\\u0926 \\u0917\\u094c\\u0930\\u0940 \\u0914\\u0930 \\u092d\\u0940\\u092e\",\"has_file\":0,\"file_name\":\"\"},{\"option_value\":\"normality\\u00a0\\u00a0\\u00a0\",\"optionl2_value\":\"\\u092e\\u0941\\u0939\\u092e\\u094d\\u092e\\u0926 \\u0917\\u094c\\u0930\\u0940 \\u0914\\u0930 \\u092a\\u0943\\u0925\\u094d\\u0935\\u0940\\u0930\\u093e\\u091c \\u0924\\u0943\\u0924\\u0940\\u092f\",\"has_file\":0,\"file_name\":\"\"}]', 1, '1', 2, 30, 'easy', 'no hint', '<p>no Explanatio</p>\r\n', NULL, 1, NULL, NULL, NULL, 0, 0, 0, NULL, '2018-04-02 19:45:51', '2018-04-02 19:51:18'),
(4, 2, 2, '', '4202db71d02b8c3858e9c089bb0399cad753739f-3', 'radio', '<p>The most electronegative element among the following is</p>\r\n', '', 0, 2, '[{\"option_value\":\"sodium\",\"optionl2_value\":\"\\u092e\\u0941\\u0930\\u094d\\u0936\\u093f\\u0926 \\u0915\\u0941\\u0932\\u0940 \\u0916\\u093e\\u0901\",\"has_file\":0,\"file_name\":\"\"},{\"option_value\":\"bromine\",\"optionl2_value\":\"\\u0938\\u0906\\u0926\\u0924 \\u0916\\u093e\\u0901\",\"has_file\":0,\"file_name\":\"\"}]', 1, '1', 2, 30, 'easy', 'no hint', '<p>no Explanatio</p>\r\n', NULL, 1, NULL, NULL, NULL, 0, 0, 0, NULL, '2018-04-02 19:45:51', '2018-04-02 19:52:02'),
(5, 2, 2, '', 'eb5fc6099342897f444213b3bc1ce66edaaad5bc-4', 'radio', '<p>The metal used to recover copper from a solution of copper sulphate is</p>\r\n', '', 0, 2, '[{\"option_value\":\"Na\",\"optionl2_value\":\"1853 \\u0908. \\u092e\\u0947\\u0902\",\"has_file\":0,\"file_name\":\"\"},{\"option_value\":\"Ag\",\"optionl2_value\":\"1856 \\u0908. \\u092e\\u0947\\u0902\",\"has_file\":0,\"file_name\":\"\"}]', 1, '1', 2, 30, 'easy', 'no hint', '<p>no Explanatio</p>\r\n', NULL, 1, NULL, NULL, NULL, 0, 0, 0, NULL, '2018-04-02 19:45:51', '2018-04-02 19:52:50'),
(6, 2, 2, '', '94626897f6e3f6a11eed285f806426914b85e025-5', 'radio', '<p>The metallurgical process in which a metal is obtained in a fused state is called</p>\r\n', '', 0, 2, '[{\"option_value\":\"smelting\",\"optionl2_value\":\" 1877 \\u0908. \\u092e\\u0947\\u0902 \\u092c\\u093e\\u0926\",\"has_file\":0,\"file_name\":\"\"},{\"option_value\":\"roasting\",\"optionl2_value\":\"1833 \\u0908. \\u092e\\u0947\\u0902 \\u092c\\u093e\\u0926\",\"has_file\":0,\"file_name\":\"\"}]', 1, '1', 2, 30, 'easy', 'no hint', '<p>no Explanatio</p>\r\n', NULL, 1, NULL, NULL, NULL, 0, 0, 0, NULL, '2018-04-02 19:45:51', '2018-04-02 19:54:01'),
(7, 2, 2, '', '9f0b0e9d1aff6878bec8ea80484dabfb4e5440a8-6', 'radio', '<p>The molecules of which gas have highest speed?</p>\r\n', '', 0, 2, '[{\"option_value\":\"Thrust\",\"optionl2_value\":\"\\u091a\\u093e\\u0930 \\u0935\\u0930\\u094d\\u0937\",\"has_file\":0,\"file_name\":\"\"},{\"option_value\":\"Pressure\",\"optionl2_value\":\" \\u0938\\u093e\\u0924 \\u0935\\u0930\\u094d\\u0937\",\"has_file\":0,\"file_name\":\"\"}]', 1, '1', 2, 30, 'easy', 'no hint', '<p>no Explanatio</p>\r\n', NULL, 1, NULL, NULL, NULL, 0, 0, 0, NULL, '2018-04-02 19:45:51', '2018-04-02 22:13:52'),
(8, 2, 2, '', '26a30612ef5d440610b79050800a6a045ec466f5-7', 'radio', '<p>The main buffer system of the human blood is</p>\r\n', '', 0, 2, '[{\"option_value\":\"H2CO3 - HCO3\",\"optionl2_value\":\"\\u092a\\u0936\\u094d\\u091a\\u093f\\u092e \\u090f\\u0936\\u093f\\u092f\\u093e \\u0938\\u0947\",\"has_file\":0,\"file_name\":\"\"},{\"option_value\":\"H2CO3 - CO32-\",\"optionl2_value\":\" \\u092a\\u0942\\u0930\\u094d\\u0935 \\u090f\\u0936\\u093f\\u092f\\u093e \\u0938\\u0947\",\"has_file\":0,\"file_name\":\"\"}]', 1, '1', 2, 30, 'easy', 'no hint', '<p>no Explanatio</p>\r\n', NULL, 1, NULL, NULL, NULL, 0, 0, 0, NULL, '2018-04-02 19:45:51', '2018-04-02 19:56:02'),
(9, 2, 2, '', 'f6b226cb19048c5a554f7f64f6f9117135cede03-8', 'radio', '<p>The most commonly used bleaching agent is</p>\r\n', '', 0, 2, '[{\"option_value\":\"will overflow\",\"optionl2_value\":\"\\u0938\\u093f\\u0928\\u094d\\u0927\\u0941 \\u0918\\u093e\\u091f\\u0940 \\u0905\\u0935\\u0927\\u093f \\u092e\\u0947\\u0902\",\"has_file\":0,\"file_name\":\"\"},{\"option_value\":\"depressed\",\"optionl2_value\":\" \\u0926\\u094d\\u0930\\u0935\\u093f\\u095c \\u0905\\u0935\\u0927\\u093f \\u092e\\u0947\\u0902\",\"has_file\":0,\"file_name\":\"\"}]', 1, '1', 2, 30, 'easy', 'no hint', '<p>no Explanatio</p>\r\n', NULL, 1, NULL, NULL, NULL, 0, 0, 0, NULL, '2018-04-02 19:45:51', '2018-04-02 22:15:06'),
(10, 2, 2, '', 'f1b7e65c211e4f866c9c66eb0e8faaae87a4888d-9', 'radio', '<p>The nucleus of a hydrogen atom consists of</p>\r\n', '', 0, 2, '[{\"option_value\":\"1 proton only\",\"optionl2_value\":\"\\u0939\\u0930\\u094d\\u0937\\u0935\\u0930\\u094d\\u0927\\u0928\",\"has_file\":0,\"file_name\":\"\"},{\"option_value\":\"1 proton + 2 neutron\",\"optionl2_value\":\"\\u091a\\u0928\\u094d\\u0926\\u094d\\u0930\\u0917\\u0941\\u092a\\u094d\\u0924\",\"has_file\":0,\"file_name\":\"\"}]', 1, '1', 2, 30, 'easy', 'no hint', '<p>no Explanatio</p>\r\n', NULL, 1, NULL, NULL, NULL, 0, 0, 0, NULL, '2018-04-02 19:45:51', '2018-04-02 19:57:42'),
(11, 2, 2, '', '77dc7cf617c746e64c1a464c4b9dc7ac49c84141-10', 'radio', '<p>The heat required to raise the temperature of body by 1 K is called</p>\r\n', '', 0, 2, '[{\"option_value\":\"specific heat\",\"optionl2_value\":\"\\u0935\\u0948\\u0917\\u094d\\u092e \\u0916\\u093e\\u0928 \\u0914\\u0930 \\u0939\\u0947\\u092e\\u0942\",\"has_file\":0,\"file_name\":\"\"},{\"option_value\":\"thermal capacity\",\"optionl2_value\":\"\\u0905\\u0915\\u0935\\u0930 \\u0914\\u0930 \\u092e\\u093f\\u0930\\u094d\\u091c\\u093e \\u0939\\u0915\\u0940\\u092e\",\"has_file\":0,\"file_name\":\"\"}]', 1, '1', 2, 30, 'easy', 'no hint', '<p>no Explanatio</p>\r\n', NULL, 1, NULL, NULL, NULL, 0, 0, 0, NULL, '2018-04-02 19:45:51', '2018-04-02 19:58:52'),
(12, 2, 2, '', '62bc02915f85098e96701c72542096201a564e20-11', 'radio', '<p>The nuclear particles which are assumed to hold the nucleons together are</p>\r\n', '', 0, 2, '[{\"option_value\":\"electrons\",\"optionl2_value\":\" \\u0905\\u092b\\u0917\\u093e\\u0928\\u093f\\u0938\\u094d\\u0924\\u093e\\u0928\",\"has_file\":0,\"file_name\":\"\"},{\"option_value\":\"positrons\",\"optionl2_value\":\"\\u0907\\u0930\\u093e\\u0915\",\"has_file\":0,\"file_name\":\"\"}]', 1, '1', 2, 30, 'easy', 'no hint', '<p>no Explanatio</p>\r\n', NULL, 1, NULL, NULL, NULL, 0, 0, 0, NULL, '2018-04-02 19:45:51', '2018-04-02 19:59:36'),
(13, 2, 2, '', '7c5c5c441dcc816091168023b211785e55a9e24f-12', 'radio', '<p>The octane number of zero is assigned to</p>\r\n', '', 0, 2, '[{\"option_value\":\"2-methyl octane\",\"optionl2_value\":\"\\u0935\\u093e\\u091c\\u0940\\u0930\\u093e\\u0935 \\u092a\\u0947\\u0936\\u0935\\u093e\",\"has_file\":0,\"file_name\":\"\"},{\"option_value\":\"n-heptane\",\"optionl2_value\":\" \\u0928\\u093e\\u0928\\u093e \\u0938\\u093e\\u0939\\u092c\",\"has_file\":0,\"file_name\":\"\"}]', 1, '1', 2, 30, 'easy', 'no hint', '<p>no Explanatio</p>\r\n', NULL, 1, NULL, NULL, NULL, 0, 0, 0, NULL, '2018-04-02 19:45:51', '2018-04-02 20:00:10'),
(14, 2, 2, '', 'bb3f61f201a60c06569e4130e011bd1c05052415-13', 'radio', 'The metal that is used as a catalyst in the hydrogenation of oils is', '', 0, 2, '[{\"option_value\":\"Ni\",\"has_file\":0,\"file_name\":\"\"},{\"option_value\":\"Pb\",\"has_file\":0,\"file_name\":\"\"}]', 1, '1', 2, 30, 'easy', 'no hint', 'no  Explanatio', NULL, 1, NULL, NULL, NULL, 0, 0, 0, NULL, '2018-04-02 19:45:51', '2018-04-02 19:45:51'),
(15, 2, 2, '', 'ad23d0b34ca6adca44f827ba9d9427fcc276fcfd-14', 'radio', 'The most abundant rare gas in the atmosphere is', '', 0, 2, '[{\"option_value\":\"He\",\"has_file\":0,\"file_name\":\"\"},{\"option_value\":\"Ne\",\"has_file\":0,\"file_name\":\"\"}]', 1, '1', 2, 30, 'easy', 'no hint', 'no  Explanatio', NULL, 1, NULL, NULL, NULL, 0, 0, 0, NULL, '2018-04-02 19:45:51', '2018-04-02 19:45:51'),
(16, 2, 2, '', 'd60439d9c5b63d3e588b7ed8ca065a4fc69686ee-15', 'radio', 'The ore which is found in abundance in India is', '', 0, 2, '[{\"option_value\":\"monazite\",\"has_file\":0,\"file_name\":\"\"},{\"option_value\":\"luorspar\",\"has_file\":0,\"file_name\":\"\"}]', 1, '1', 2, 30, 'easy', 'no hint', 'no  Explanatio', NULL, 1, NULL, NULL, NULL, 0, 0, 0, NULL, '2018-04-02 19:45:51', '2018-04-02 19:45:51'),
(17, 2, 2, '', '947e6742b2d88fee6d1b8a13ed9a5a995002258f-16', 'radio', '\nThe inherited traits of an organism are controlled by', '', 0, 2, '[{\"option_value\":\"\\nRNA molecules\",\"has_file\":0,\"file_name\":\"\"},{\"option_value\":\"nucleotides\",\"has_file\":0,\"file_name\":\"\"}]', 1, '1', 2, 30, 'easy', 'no hint', 'no  Explanatio', NULL, 1, NULL, NULL, NULL, 0, 0, 0, NULL, '2018-04-02 19:45:51', '2018-04-02 19:45:51'),
(18, 2, 2, '', '8822c2d4e57014efda6e802083610c8c0012c93a-17', 'radio', '\nThe heat energy produced when the human body metabolises 1 gram of fat is', '', 0, 2, '[{\"option_value\":\"30 KJ\",\"has_file\":0,\"file_name\":\"\"},{\"option_value\":\"\\n1 KJ\",\"has_file\":0,\"file_name\":\"\"}]', 1, '1', 2, 30, 'easy', 'no hint', 'no  Explanatio', NULL, 1, NULL, NULL, NULL, 0, 0, 0, NULL, '2018-04-02 19:45:51', '2018-04-02 19:45:51'),
(19, 2, 2, '', '9d3c645c732b6313c5109f6318f002d95241c833-18', 'radio', '\nWhat are the number of moles of CO2 which contains 16 g of oxygen?', '', 0, 2, '[{\"option_value\":\"0.5 mole\",\"has_file\":0,\"file_name\":\"\"},{\"option_value\":\"0.2 mole\",\"has_file\":0,\"file_name\":\"\"}]', 1, '1', 2, 30, 'easy', 'no hint', 'no  Explanatio', NULL, 1, NULL, NULL, NULL, 0, 0, 0, NULL, '2018-04-02 19:45:51', '2018-04-02 19:45:51'),
(20, 2, 2, '', '910e4fb722d8389ff8f38dd70f4ec82dc752d180-19', 'radio', 'The monomer of polythene is', '', 0, 2, '[{\"option_value\":\"\\nvinyl chloride\",\"has_file\":0,\"file_name\":\"\"},{\"option_value\":\"ethylene\",\"has_file\":0,\"file_name\":\"\"}]', 1, '1', 2, 30, 'easy', 'no hint', 'no  Explanatio', NULL, 1, NULL, NULL, NULL, 0, 0, 0, NULL, '2018-04-02 19:45:51', '2018-04-02 19:45:51'),
(21, 7, 7, '', 'a140379e79facf64413213103943ee955e706939-20', 'checkbox', '100 is formed by?', '', 0, 4, '[{\"option_value\":\"50+50\",\"has_file\":0,\"file_name\":\"\"},{\"option_value\":\"10x50\",\"has_file\":0,\"file_name\":\"\"},{\"option_value\":\"70+30\",\"has_file\":0,\"file_name\":\"\"},{\"option_value\":\"70+50\",\"has_file\":0,\"file_name\":\"\"}]', 2, '[{\"answer\":\"1\"},{\"answer\":\"3\"}]', 2, 30, 'easy', 'Test Hint', 'Test Explanation', NULL, 1, NULL, NULL, NULL, 0, 0, 0, NULL, '2018-04-02 21:05:07', '2018-04-02 21:05:07'),
(22, 7, 7, '', 'db5bb5cf05c3d0a161ffa1f0f220edf6f59f5757-21', 'checkbox', '101 is formed by?', '', 0, 4, '[{\"option_value\":\"50+50\",\"has_file\":0,\"file_name\":\"\"},{\"option_value\":\"10x50\",\"has_file\":0,\"file_name\":\"\"},{\"option_value\":\"70+30\",\"has_file\":0,\"file_name\":\"\"},{\"option_value\":\"70+50\",\"has_file\":0,\"file_name\":\"\"}]', 2, '[{\"answer\":\"1\"},{\"answer\":\"3\"}]', 2, 30, 'easy', 'Test Hint', 'Test Explanation', NULL, 1, NULL, NULL, NULL, 0, 0, 0, NULL, '2018-04-02 21:05:07', '2018-04-02 21:05:07'),
(23, 7, 7, '', '69611661f5f8649977871c6f3cdbd5733af68756-22', 'checkbox', '102 is formed by?', '', 0, 4, '[{\"option_value\":\"50+50\",\"has_file\":0,\"file_name\":\"\"},{\"option_value\":\"10x50\",\"has_file\":0,\"file_name\":\"\"},{\"option_value\":\"70+30\",\"has_file\":0,\"file_name\":\"\"},{\"option_value\":\"70+50\",\"has_file\":0,\"file_name\":\"\"}]', 2, '[{\"answer\":\"1\"},{\"answer\":\"3\"}]', 2, 30, 'easy', 'Test Hint', 'Test Explanation', NULL, 1, NULL, NULL, NULL, 0, 0, 0, NULL, '2018-04-02 21:05:07', '2018-04-02 21:05:07'),
(24, 7, 7, '', 'd8214036fff9f3264a84c060cecb776f8339835c-23', 'checkbox', '103 is formed by?', '', 0, 4, '[{\"option_value\":\"50+50\",\"has_file\":0,\"file_name\":\"\"},{\"option_value\":\"10x50\",\"has_file\":0,\"file_name\":\"\"},{\"option_value\":\"70+30\",\"has_file\":0,\"file_name\":\"\"},{\"option_value\":\"70+50\",\"has_file\":0,\"file_name\":\"\"}]', 2, '[{\"answer\":\"1\"},{\"answer\":\"3\"}]', 2, 30, 'easy', 'Test Hint', 'Test Explanation', NULL, 1, NULL, NULL, NULL, 0, 0, 0, NULL, '2018-04-02 21:05:07', '2018-04-02 21:05:07'),
(25, 7, 7, '', '4c3c7a0184d8d958baa04ad1a28d78d061cc93cc-24', 'checkbox', '104 is formed by?', '', 0, 4, '[{\"option_value\":\"50+50\",\"has_file\":0,\"file_name\":\"\"},{\"option_value\":\"10x50\",\"has_file\":0,\"file_name\":\"\"},{\"option_value\":\"70+30\",\"has_file\":0,\"file_name\":\"\"},{\"option_value\":\"70+50\",\"has_file\":0,\"file_name\":\"\"}]', 2, '[{\"answer\":\"1\"},{\"answer\":\"3\"}]', 2, 30, 'easy', 'Test Hint', 'Test Explanation', NULL, 1, NULL, NULL, NULL, 0, 0, 0, NULL, '2018-04-02 21:05:07', '2018-04-02 21:05:07'),
(26, 7, 7, '', '09951bfcb0b3c3b68d0080dea90c26df769b4924-25', 'checkbox', '105 is formed by?', '', 0, 4, '[{\"option_value\":\"50+50\",\"has_file\":0,\"file_name\":\"\"},{\"option_value\":\"10x50\",\"has_file\":0,\"file_name\":\"\"},{\"option_value\":\"70+30\",\"has_file\":0,\"file_name\":\"\"},{\"option_value\":\"70+50\",\"has_file\":0,\"file_name\":\"\"}]', 2, '[{\"answer\":\"1\"},{\"answer\":\"3\"}]', 2, 30, 'easy', 'Test Hint', 'Test Explanation', NULL, 1, NULL, NULL, NULL, 0, 0, 0, NULL, '2018-04-02 21:05:07', '2018-04-02 21:05:07'),
(27, 7, 7, '', '507b5acee5df28553e29339646b81c4035d5a45e-26', 'checkbox', '106 is formed by?', '', 0, 4, '[{\"option_value\":\"50+50\",\"has_file\":0,\"file_name\":\"\"},{\"option_value\":\"10x50\",\"has_file\":0,\"file_name\":\"\"},{\"option_value\":\"70+30\",\"has_file\":0,\"file_name\":\"\"},{\"option_value\":\"70+50\",\"has_file\":0,\"file_name\":\"\"}]', 2, '[{\"answer\":\"1\"},{\"answer\":\"3\"}]', 2, 30, 'easy', 'Test Hint', 'Test Explanation', NULL, 1, NULL, NULL, NULL, 0, 0, 0, NULL, '2018-04-02 21:05:07', '2018-04-02 21:05:07'),
(28, 7, 7, '', '5e2143fdd87f58860acd49617b0fb3f4404dad11-27', 'checkbox', '107 is formed by?', '', 0, 4, '[{\"option_value\":\"50+50\",\"has_file\":0,\"file_name\":\"\"},{\"option_value\":\"10x50\",\"has_file\":0,\"file_name\":\"\"},{\"option_value\":\"70+30\",\"has_file\":0,\"file_name\":\"\"},{\"option_value\":\"70+50\",\"has_file\":0,\"file_name\":\"\"}]', 2, '[{\"answer\":\"1\"},{\"answer\":\"3\"}]', 2, 30, 'easy', 'Test Hint', 'Test Explanation', NULL, 1, NULL, NULL, NULL, 0, 0, 0, NULL, '2018-04-02 21:05:07', '2018-04-02 21:05:07'),
(29, 7, 7, '', 'eb4e251aed605f653c0f3fe89510a70bcd9dea81-28', 'checkbox', '108 is formed by?', '', 0, 4, '[{\"option_value\":\"50+50\",\"has_file\":0,\"file_name\":\"\"},{\"option_value\":\"10x50\",\"has_file\":0,\"file_name\":\"\"},{\"option_value\":\"70+30\",\"has_file\":0,\"file_name\":\"\"},{\"option_value\":\"70+50\",\"has_file\":0,\"file_name\":\"\"}]', 2, '[{\"answer\":\"1\"},{\"answer\":\"3\"}]', 2, 30, 'easy', 'Test Hint', 'Test Explanation', NULL, 1, NULL, NULL, NULL, 0, 0, 0, NULL, '2018-04-02 21:05:07', '2018-04-02 21:05:07'),
(30, 7, 7, '', '8bbaa67f7c48fb1a74e25acda00a00f675f1b08f-29', 'checkbox', '109 is formed by?', '', 0, 4, '[{\"option_value\":\"50+50\",\"has_file\":0,\"file_name\":\"\"},{\"option_value\":\"10x50\",\"has_file\":0,\"file_name\":\"\"},{\"option_value\":\"70+30\",\"has_file\":0,\"file_name\":\"\"},{\"option_value\":\"70+50\",\"has_file\":0,\"file_name\":\"\"}]', 2, '[{\"answer\":\"1\"},{\"answer\":\"3\"}]', 2, 30, 'easy', 'Test Hint', 'Test Explanation', NULL, 1, NULL, NULL, NULL, 0, 0, 0, NULL, '2018-04-02 21:05:07', '2018-04-02 21:05:07'),
(31, 7, 7, '', 'ad61664a23f0c69b983655fa67bd4f3734e0cd62-30', 'checkbox', '110 is formed by?', '', 0, 4, '[{\"option_value\":\"50+50\",\"has_file\":0,\"file_name\":\"\"},{\"option_value\":\"10x50\",\"has_file\":0,\"file_name\":\"\"},{\"option_value\":\"70+30\",\"has_file\":0,\"file_name\":\"\"},{\"option_value\":\"70+50\",\"has_file\":0,\"file_name\":\"\"}]', 2, '[{\"answer\":\"1\"},{\"answer\":\"3\"}]', 2, 30, 'easy', 'Test Hint', 'Test Explanation', NULL, 1, NULL, NULL, NULL, 0, 0, 0, NULL, '2018-04-02 21:05:07', '2018-04-02 21:05:07'),
(32, 7, 7, '', '9da15470fc3c99e7099a27d2ffa21d1a0d21bd1b-31', 'checkbox', '111 is formed by?', '', 0, 4, '[{\"option_value\":\"50+50\",\"has_file\":0,\"file_name\":\"\"},{\"option_value\":\"10x50\",\"has_file\":0,\"file_name\":\"\"},{\"option_value\":\"70+30\",\"has_file\":0,\"file_name\":\"\"},{\"option_value\":\"70+50\",\"has_file\":0,\"file_name\":\"\"}]', 2, '[{\"answer\":\"1\"},{\"answer\":\"3\"}]', 2, 30, 'easy', 'Test Hint', 'Test Explanation', NULL, 1, NULL, NULL, NULL, 0, 0, 0, NULL, '2018-04-02 21:05:07', '2018-04-02 21:05:07'),
(33, 7, 7, '', '2d272da70f849dfaae6cbbff20002e624d3b683e-32', 'checkbox', '112 is formed by?', '', 0, 4, '[{\"option_value\":\"50+50\",\"has_file\":0,\"file_name\":\"\"},{\"option_value\":\"10x50\",\"has_file\":0,\"file_name\":\"\"},{\"option_value\":\"70+30\",\"has_file\":0,\"file_name\":\"\"},{\"option_value\":\"70+50\",\"has_file\":0,\"file_name\":\"\"}]', 2, '[{\"answer\":\"1\"},{\"answer\":\"3\"}]', 2, 30, 'easy', 'Test Hint', 'Test Explanation', NULL, 1, NULL, NULL, NULL, 0, 0, 0, NULL, '2018-04-02 21:05:07', '2018-04-02 21:05:07'),
(34, 7, 7, '', 'c5ef9dfae1198c8b904a45ff20c48e10ecfb7b98-33', 'checkbox', '113 is formed by?', '', 0, 4, '[{\"option_value\":\"50+50\",\"has_file\":0,\"file_name\":\"\"},{\"option_value\":\"10x50\",\"has_file\":0,\"file_name\":\"\"},{\"option_value\":\"70+30\",\"has_file\":0,\"file_name\":\"\"},{\"option_value\":\"70+50\",\"has_file\":0,\"file_name\":\"\"}]', 2, '[{\"answer\":\"1\"},{\"answer\":\"3\"}]', 2, 30, 'easy', 'Test Hint', 'Test Explanation', NULL, 1, NULL, NULL, NULL, 0, 0, 0, NULL, '2018-04-02 21:05:07', '2018-04-02 21:05:07'),
(35, 7, 7, '', '13f71060f8f97be0009a58efc21c173084ac1b85-34', 'checkbox', '114 is formed by?', '', 0, 4, '[{\"option_value\":\"50+50\",\"has_file\":0,\"file_name\":\"\"},{\"option_value\":\"10x50\",\"has_file\":0,\"file_name\":\"\"},{\"option_value\":\"70+30\",\"has_file\":0,\"file_name\":\"\"},{\"option_value\":\"70+50\",\"has_file\":0,\"file_name\":\"\"}]', 2, '[{\"answer\":\"1\"},{\"answer\":\"3\"}]', 2, 30, 'easy', 'Test Hint', 'Test Explanation', NULL, 1, NULL, NULL, NULL, 0, 0, 0, NULL, '2018-04-02 21:05:07', '2018-04-02 21:05:07'),
(36, 7, 7, '', '505e9dcf0311d555328077df850fb60470f40acd-35', 'checkbox', '115 is formed by?', '', 0, 4, '[{\"option_value\":\"50+50\",\"has_file\":0,\"file_name\":\"\"},{\"option_value\":\"10x50\",\"has_file\":0,\"file_name\":\"\"},{\"option_value\":\"70+30\",\"has_file\":0,\"file_name\":\"\"},{\"option_value\":\"70+50\",\"has_file\":0,\"file_name\":\"\"}]', 2, '[{\"answer\":\"1\"},{\"answer\":\"3\"}]', 2, 30, 'easy', 'Test Hint', 'Test Explanation', NULL, 1, NULL, NULL, NULL, 0, 0, 0, NULL, '2018-04-02 21:05:07', '2018-04-02 21:05:07'),
(37, 7, 7, '', '109385e9b631ebcad844343aa17feac0f7c90eff-36', 'checkbox', '116 is formed by?', '', 0, 4, '[{\"option_value\":\"50+50\",\"has_file\":0,\"file_name\":\"\"},{\"option_value\":\"10x50\",\"has_file\":0,\"file_name\":\"\"},{\"option_value\":\"70+30\",\"has_file\":0,\"file_name\":\"\"},{\"option_value\":\"70+50\",\"has_file\":0,\"file_name\":\"\"}]', 2, '[{\"answer\":\"1\"},{\"answer\":\"3\"}]', 2, 30, 'easy', 'Test Hint', 'Test Explanation', NULL, 1, NULL, NULL, NULL, 0, 0, 0, NULL, '2018-04-02 21:05:07', '2018-04-02 21:05:07'),
(38, 7, 7, '', '6c55001c705af60e4292d52136429d2c11781608-37', 'checkbox', '117 is formed by?', '', 0, 4, '[{\"option_value\":\"50+50\",\"has_file\":0,\"file_name\":\"\"},{\"option_value\":\"10x50\",\"has_file\":0,\"file_name\":\"\"},{\"option_value\":\"70+30\",\"has_file\":0,\"file_name\":\"\"},{\"option_value\":\"70+50\",\"has_file\":0,\"file_name\":\"\"}]', 2, '[{\"answer\":\"1\"},{\"answer\":\"3\"}]', 2, 30, 'easy', 'Test Hint', 'Test Explanation', NULL, 1, NULL, NULL, NULL, 0, 0, 0, NULL, '2018-04-02 21:05:07', '2018-04-02 21:05:07'),
(39, 3, 3, '', '6d4794078231d97ace2c55ba144c5e2bb4659b0a-38', 'blanks', 'Which state Hyderabad belongs to', '', 0, 0, '', 2, '[{\"answer\":\"Telangana\"},{\"answer\":\"Andhra Pradesh\"}]', 2, 30, 'easy', '', '', NULL, 1, NULL, NULL, NULL, 0, 0, 0, NULL, '2018-04-02 21:10:43', '2018-04-02 21:10:43'),
(40, 3, 3, '', '9ee8775ed53987f0dc47a12a51af8add37e6b75c-39', 'blanks', 'Which state Hyderabad belongs to', '', 0, 0, '', 2, '[{\"answer\":\"Telangana\"},{\"answer\":\"Andhra Pradesh\"}]', 2, 30, 'easy', '', '', NULL, 1, NULL, NULL, NULL, 0, 0, 0, NULL, '2018-04-02 21:10:43', '2018-04-02 21:10:43'),
(41, 3, 3, '', 'c743ccd71d72139b7d482a9c5d723c43d643c251-40', 'blanks', 'Which state Hyderabad belongs to', '', 0, 0, '', 2, '[{\"answer\":\"Telangana\"},{\"answer\":\"Andhra Pradesh\"}]', 2, 30, 'easy', '', '', NULL, 1, NULL, NULL, NULL, 0, 0, 0, NULL, '2018-04-02 21:10:43', '2018-04-02 21:10:43'),
(42, 3, 3, '', '1f958ba9d62bcd8a12652a13ac130c712572062a-41', 'blanks', 'Which state Hyderabad belongs to', '', 0, 0, '', 2, '[{\"answer\":\"Telangana\"},{\"answer\":\"Andhra Pradesh\"}]', 2, 30, 'easy', '', '', NULL, 1, NULL, NULL, NULL, 0, 0, 0, NULL, '2018-04-02 21:10:43', '2018-04-02 21:10:43'),
(43, 3, 3, '', '33588a872c6ec3495a179b3b671d34f8c751b787-42', 'blanks', 'Which state Hyderabad belongs to', '', 0, 0, '', 2, '[{\"answer\":\"Telangana\"},{\"answer\":\"Andhra Pradesh\"}]', 2, 30, 'easy', '', '', NULL, 1, NULL, NULL, NULL, 0, 0, 0, NULL, '2018-04-02 21:10:43', '2018-04-02 21:10:43'),
(44, 3, 3, '', '552006462c5046b07c7fdb5fd83806fec50406cd-43', 'blanks', 'Which state Hyderabad belongs to', '', 0, 0, '', 2, '[{\"answer\":\"Telangana\"},{\"answer\":\"Andhra Pradesh\"}]', 2, 30, 'easy', '', '', NULL, 1, NULL, NULL, NULL, 0, 0, 0, NULL, '2018-04-02 21:10:43', '2018-04-02 21:10:43'),
(45, 3, 3, '', '797185f140e6beb884f7d89c2a656fbd6d9fe3a9-44', 'blanks', 'Which state Hyderabad belongs to', '', 0, 0, '', 2, '[{\"answer\":\"Telangana\"},{\"answer\":\"Andhra Pradesh\"}]', 2, 30, 'easy', '', '', NULL, 1, NULL, NULL, NULL, 0, 0, 0, NULL, '2018-04-02 21:10:43', '2018-04-02 21:10:43'),
(46, 3, 3, '', 'e1de7041d46422747dab18e98b9f8725794d9b7a-45', 'blanks', 'Which state Hyderabad belongs to', '', 0, 0, '', 2, '[{\"answer\":\"Telangana\"},{\"answer\":\"Andhra Pradesh\"}]', 2, 30, 'easy', '', '', NULL, 1, NULL, NULL, NULL, 0, 0, 0, NULL, '2018-04-02 21:10:43', '2018-04-02 21:10:43'),
(47, 3, 3, '', '1c6047f63a9eebcb2c8eb1f7b3d89578e763c9fb-46', 'blanks', 'Which state Hyderabad belongs to', '', 0, 0, '', 2, '[{\"answer\":\"Telangana\"},{\"answer\":\"Andhra Pradesh\"}]', 2, 30, 'easy', '', '', NULL, 1, NULL, NULL, NULL, 0, 0, 0, NULL, '2018-04-02 21:10:43', '2018-04-02 21:10:43'),
(48, 3, 3, '', '9ae38d32d1c1ca27c91a8f8837e6ed13f70e9b78-47', 'blanks', 'Which state Hyderabad belongs to', '', 0, 0, '', 2, '[{\"answer\":\"Telangana\"},{\"answer\":\"Andhra Pradesh\"}]', 2, 30, 'easy', '', '', NULL, 1, NULL, NULL, NULL, 0, 0, 0, NULL, '2018-04-02 21:10:43', '2018-04-02 21:10:43'),
(49, 3, 3, '', '42d3fa0a5a0863f793776e58296511271bf3538b-48', 'blanks', 'Which state Hyderabad belongs to', '', 0, 0, '', 2, '[{\"answer\":\"Telangana\"},{\"answer\":\"Andhra Pradesh\"}]', 2, 30, 'easy', '', '', NULL, 1, NULL, NULL, NULL, 0, 0, 0, NULL, '2018-04-02 21:10:43', '2018-04-02 21:10:43'),
(50, 3, 3, '', '2e6986de5c53e6f28e4c4e6fb40876ebd03dad32-49', 'blanks', 'Which state Hyderabad belongs to', '', 0, 0, '', 2, '[{\"answer\":\"Telangana\"},{\"answer\":\"Andhra Pradesh\"}]', 2, 30, 'easy', '', '', NULL, 1, NULL, NULL, NULL, 0, 0, 0, NULL, '2018-04-02 21:10:43', '2018-04-02 21:10:43'),
(51, 3, 3, '', '38c6bdb8d7fe10fca745407c93020cc975c42db5-50', 'blanks', 'Which state Hyderabad belongs to', '', 0, 0, '', 2, '[{\"answer\":\"Telangana\"},{\"answer\":\"Andhra Pradesh\"}]', 2, 30, 'easy', '', '', NULL, 1, NULL, NULL, NULL, 0, 0, 0, NULL, '2018-04-02 21:10:43', '2018-04-02 21:10:43'),
(52, 3, 3, '', '0541d0cb00822002b030297f4421bd3889533d73-51', 'blanks', 'Which state Hyderabad belongs to', '', 0, 0, '', 2, '[{\"answer\":\"Telangana\"},{\"answer\":\"Andhra Pradesh\"}]', 2, 30, 'easy', '', '', NULL, 1, NULL, NULL, NULL, 0, 0, 0, NULL, '2018-04-02 21:10:43', '2018-04-02 21:10:43'),
(53, 3, 3, '', '528c870b31d33681d24c29137096c5c5901e05ae-52', 'blanks', 'Which state Hyderabad belongs to', '', 0, 0, '', 2, '[{\"answer\":\"Telangana\"},{\"answer\":\"Andhra Pradesh\"}]', 2, 30, 'easy', '', '', NULL, 1, NULL, NULL, NULL, 0, 0, 0, NULL, '2018-04-02 21:10:43', '2018-04-02 21:10:43'),
(54, 3, 3, '', '1aa1ad1d34cb2f81285cba7e72fe7b9df2f38135-53', 'blanks', 'Which state Hyderabad belongs to', '', 0, 0, '', 2, '[{\"answer\":\"Telangana\"},{\"answer\":\"Andhra Pradesh\"}]', 2, 30, 'easy', '', '', NULL, 1, NULL, NULL, NULL, 0, 0, 0, NULL, '2018-04-02 21:10:43', '2018-04-02 21:10:43'),
(55, 3, 3, '', '9308e9c4e431809c8b4cc187c7c0cfd562950521-54', 'blanks', 'Which state Hyderabad belongs to', '', 0, 0, '', 2, '[{\"answer\":\"Telangana\"},{\"answer\":\"Andhra Pradesh\"}]', 2, 30, 'easy', '', '', NULL, 1, NULL, NULL, NULL, 0, 0, 0, NULL, '2018-04-02 21:10:43', '2018-04-02 21:10:43'),
(56, 3, 3, '', '5a4dbeb6db22978d17cee2aaa8fa3bc168b37ee4-55', 'blanks', 'Which state Hyderabad belongs to', '', 0, 0, '', 2, '[{\"answer\":\"Telangana\"},{\"answer\":\"Andhra Pradesh\"}]', 2, 30, 'easy', '', '', NULL, 1, NULL, NULL, NULL, 0, 0, 0, NULL, '2018-04-02 21:10:43', '2018-04-02 21:10:43'),
(57, 3, 3, '', '9b70ad72a61c6815a243aa7f36b4105301b0f15e-56', 'blanks', 'Which state Hyderabad belongs to', '', 0, 0, '', 2, '[{\"answer\":\"Telangana\"},{\"answer\":\"Andhra Pradesh\"}]', 2, 30, 'easy', '', '', NULL, 1, NULL, NULL, NULL, 0, 0, 0, NULL, '2018-04-02 21:10:43', '2018-04-02 21:10:43'),
(58, 1, 1, '', 'dd46e7b30feb155034f81349a7129be39b5e8e89-57', 'radio', '<p>Foremost :</p>\r\n', '', 0, 2, '[{\"option_value\":\"Hindmost\",\"optionl2_value\":\"\\u0935\\u0949\\u0928 \\u0928\\u094d\\u092f\\u0942\\u092e\\u0947\\u0928\",\"has_file\":0,\"file_name\":\"\"},{\"option_value\":\"Unimportant    \",\"optionl2_value\":\" \\u091c\\u0947 \\u090f\\u0938 \\u0915\\u093f\\u0932\\u094d\\u092c\\u0940\",\"has_file\":0,\"file_name\":\"\"}]', 1, '1', 2, 10, 'easy', 'No  hint', '<p>No Explanation</p>\r\n', NULL, 1, NULL, NULL, NULL, 0, 0, 0, NULL, '2018-04-02 21:21:18', '2018-04-02 21:21:18'),
(59, 1, 1, '', '22c934ecb7a8d4c1a10c6b03263861ad834dd0dd-58', 'radio', '<h2>&nbsp;</h2>\r\n\r\n<p>Protects :</p>\r\n', '', 0, 2, '[{\"option_value\":\"Deprives    \",\"optionl2_value\":\" \\u091a\\u093e\\u0930\\u094d\\u0932\\u094d\\u0938 \\u092c\\u0948\\u092c\\u0947\\u091c\",\"has_file\":0,\"file_name\":\"\"},{\"option_value\":\"Deserts  \",\"optionl2_value\":\"\\u0907\\u0928\\u092e\\u0947\\u0902 \\u0938\\u0947 \\u0915\\u094b\\u0908 \\u0928\\u0939\\u0940\\u0902\",\"has_file\":0,\"file_name\":\"\"}]', 1, '1', 2, 10, 'easy', 'No  hint', '<p>No Explanation</p>\r\n', NULL, 1, NULL, NULL, NULL, 0, 0, 0, NULL, '2018-04-02 21:23:11', '2018-04-02 21:23:11'),
(60, 1, 1, '', '739c535d2b8cd06dbf40538bcf91839b8c488c59-59', 'checkbox', '<h2>&nbsp;</h2>\r\n\r\n<p>Find the correctly spelt word.</p>\r\n', '', 0, 3, '[{\"option_value\":\"Adulation  \",\"optionl2_value\":\"\\u0917\\u0923\\u0928\\u093e \\u0915\\u0930\\u0928\\u0947\\u0935\\u093e\\u0932\\u093e\",\"has_file\":0,\"file_name\":\"\"},{\"option_value\":\"Adlation     \",\"optionl2_value\":\"\\u0938\\u0902\\u0917\\u0923\\u0915\",\"has_file\":0,\"file_name\":\"\"},{\"option_value\":\"Aduletion\",\"optionl2_value\":\"\\u0939\\u093f\\u0938\\u093e\\u092c \\u0932\\u0917\\u093e\\u0928\\u0947\\u0935\\u093e\\u0932\\u093e\",\"has_file\":0,\"file_name\":\"\"}]', 2, '[{\"answer\":\"1\"},{\"answer\":\"3\"}]', 2, 12, 'easy', 'Hint', '<p>&nbsp;</p>\r\n\r\n<p>Explanation</p>\r\n\r\n<p>&nbsp;</p>\r\n', NULL, 1, NULL, NULL, NULL, 0, 0, 0, NULL, '2018-04-02 21:25:58', '2018-04-02 21:25:58'),
(61, 1, 1, '', '04ec285afd16a1c9c8d08c25fcc3d8f7ac44872e-60', 'checkbox', '<p>Find the correct spelt word.</p>\r\n', '', 0, 3, '[{\"option_value\":\"Adulterate\",\"optionl2_value\":\" \\u0926\\u093f\\u0938\\u092e\\u094d\\u092c\\u0930\",\"has_file\":0,\"file_name\":\"\"},{\"option_value\":\"Adeldurate  \",\"optionl2_value\":\"\\u0926\\u093f\\u0938\\u092e\\u094d\\u092c\\u0930\",\"has_file\":0,\"file_name\":\"\"},{\"option_value\":\"Adulterat\",\"optionl2_value\":\"\\u0926\\u093f\\u0938\\u092e\\u094d\\u092c\\u0930\",\"has_file\":0,\"file_name\":\"\"}]', 2, '[{\"answer\":\"1\"},{\"answer\":\"3\"}]', 2, 12, 'easy', 'Hint', '<p>&nbsp;</p>\r\n\r\n<p>Explanation</p>\r\n\r\n<p>&nbsp;</p>\r\n', NULL, 1, NULL, NULL, NULL, 0, 0, 0, NULL, '2018-04-02 21:27:57', '2018-04-02 21:27:57'),
(62, 1, 1, '', '8c7824d8d688841105fbf9bb05cbe762ab83a058-61', 'blanks', '<p>Extreme old age when a man behaves like a fool</p>\r\n', '', 0, 0, '[]', 1, '[{\"answer\":\"Dotage  \"}]', 2, 12, 'easy', 'Hint', '<p>Explanation</p>\r\n', NULL, 1, NULL, NULL, NULL, 0, 0, 0, NULL, '2018-04-02 21:30:02', '2018-04-02 21:30:02'),
(63, 1, 1, '', 'e3edb89178183e97863211d2dd856aa2d0101f53-62', 'blanks', '<p>That which cannot be corrected</p>\r\n', '', 0, 0, '[]', 1, '[{\"answer\":\"Incorrigible  \"}]', 21, 10, 'easy', 'Hint', '<p>&nbsp;</p>\r\n\r\n<p>Explanation</p>\r\n\r\n<p>&nbsp;</p>\r\n', NULL, 1, NULL, NULL, NULL, 0, 0, 0, NULL, '2018-04-02 21:31:32', '2018-04-02 21:31:32'),
(64, 1, 1, '', '013953e88bfed81691ce2a0e4731e1a833469fa9-63', 'match', '<p>Match the Following :</p>\r\n', '', 0, 4, '{\"left\":{\"title\":\"List I\",\"titlel2\":\"\\u0930\\u093e\\u0937\\u094d\\u091f\\u094d\\u0930\\u0940\\u092f I\",\"options\":[\"Hindmost\",\"Unimportant\",\"Disposed\",\"Mature\"],\"optionsl2\":[\"\\u0928\\u093e\\u0917\\u092a\\u0941\\u0930\",\"\\u092d\\u094b\\u092a\\u093e\\u0932\",\"\\u0906\\u0917\\u094d\\u0930\\u093e\",\"\\u0905\\u0939\\u092e\\u0926\\u093e\\u092c\\u093e\\u0926\"]},\"right\":{\"title\":\"List II\",\"titlel2\":\"\\u0930\\u093e\\u0937\\u094d\\u091f\\u094d\\u0930\\u0940\\u092f II\",\"options\":[\"Defends\",\"Deprives\",\"Deserts\",\"Devises\"],\"optionsl2\":[\"\\u092e\\u094b\\u0939\\u0928 \\u092d\\u093e\\u0917\\u0935\\u0924\",\"\\u0905\\u091f\\u0932 \\u092c\\u093f\\u0939\\u093e\\u0930\\u0940 \\u0935\\u093e\\u091c\\u092a\\u0947\\u092f\\u0940\",\"\\u092e\\u094b\\u0930\\u093e\\u0930\\u091c\\u0940 \\u0926\\u0947\\u0938\\u093e\\u0908\",\"\\u0915\\u0947\\u0936\\u0935 \\u092c\\u0932\\u093f\\u0930\\u093e\\u092e \\u0939\\u0947\\u0921\\u0917\\u0947\\u0935\\u093e\\u0930\"]}}', 4, '[{\"answer\":\"1\"},{\"answer\":\"2\"},{\"answer\":\"3\"},{\"answer\":\"4\"}]', 2, 20, 'easy', 'Hint', '<p>Explanation</p>\r\n', NULL, 1, NULL, NULL, NULL, 0, 0, 0, NULL, '2018-04-02 21:36:07', '2018-04-02 21:36:07'),
(65, 1, 1, '', '22ba417448fcdf33a34e8b6331fc37c732927a53-64', 'match', '<p>Match the Following :</p>\r\n\r\n<p>&nbsp;</p>\r\n', '', 0, 3, '{\"left\":{\"title\":\"List I\",\"titlel2\":\"\\u0932\\u093f\\u0938\\u094d\\u091f\\u094d I\",\"options\":[\"Wonderful\",\"Graceful\",\"Ugly\"],\"optionsl2\":[\"\\u0915\\u0947\\u0928\\u094d\\u0926\\u094d\\u0930 \\u0906\\u092f\\u094b\\u0917\",\"\\u0906\\u092f\\u094b\\u0917\",\"\\u092e\\u0941\\u0916\\u0930\\u094d\\u091c\\u0940\"]},\"right\":{\"title\":\"List II\",\"titlel2\":\"\\u0932\\u093f\\u0938\\u094d\\u091f\\u094d II\",\"options\":[\" Handsome\",\"Marvelous\",\"Wonderful\"],\"optionsl2\":[\"\\u0928\\u0940\\u0924\\u093f\",\"\\u0906\\u092f\\u094b\\u0917\",\"\\u0905\\u0928\\u094d\\u092f\"]}}', 3, '[{\"answer\":\"2\"},{\"answer\":\"2\"},{\"answer\":\"3\"}]', 2, 20, 'easy', 'Hint', '<p>Explanation</p>\r\n', NULL, 1, NULL, NULL, NULL, 0, 0, 0, NULL, '2018-04-02 21:40:04', '2018-04-02 21:40:04'),
(66, 1, 1, '', '24bade660d7d858276679d94a76258e011f5cd21-65', 'para', '<p>Rearrange the following five sentences in proper sequence so as to for a meaningful paragraph, then answer the questions given below them.</p>\r\n', '', 0, 2, '[{\"question\":\"Which sentence should come third in the paragraph?\",\"questionl2\":\"\\u092d\\u093e\\u0930\\u0924 \\u0915\\u0947 \\u0915\\u093f\\u0938 \\u0938\\u092e\\u093e\\u091a\\u093e\\u0930-\\u092a\\u0924\\u094d\\u0930 \\u0915\\u094b \\u092f\\u0942\\u0928\\u0947\\u0938\\u094d\\u0915\\u094b \\u0915\\u093f\\u0902\\u0917 \\u0938\\u0947\\u0902\\u091c\\u094b\\u0902\\u0917 \\u092a\\u0941\\u0930\\u0938\\u094d\\u0915\\u093e\\u0930-2009 \\u092e\\u093f\\u0932\\u093e ?\",\"total_options\":\"2\",\"options\":[[\"After Examining him, the doctor smiled at him mischievously and took out a syringe.\",\"Thinking that he was really sick, his father summoned the family doctor.\"]],\"optionsl2\":[[\"\\u0916\\u092c\\u0930 \\u0932\\u0939\\u0930\\u093f\\u092f\\u093e\",\"\\u0926\\u0948\\u0928\\u093f\\u0915 \\u0939\\u093f\\u0928\\u094d\\u0926\\u0941\\u0938\\u094d\\u0924\\u093e\\u0928\"]]},{\"question\":\"Which sentence should come last in the paragraph?\",\"questionl2\":\"\\u0905\\u092a\\u094d\\u0930\\u0948\\u09322015 \\u092e\\u0947\\u0902 \\u0915\\u093f\\u0938 \\u092d\\u093e\\u0930\\u0924\\u0940\\u092f \\u092c\\u0948\\u0902\\u0915 \\u0928\\u0947 \'\\u090f\\u0936\\u093f\\u092f\\u0928 \\u092c\\u0948\\u0902\\u0915\\u0930 \\u0905\\u091a\\u0940\\u0935\\u092e\\u0947\\u0902\\u091f \\u092a\\u0941\\u0930\\u0938\\u094d\\u0915\\u093e\\u0930\' 2015 \\u091c\\u0940\\u0924\\u093e \\u0939\\u0948?\",\"total_options\":\"2\",\"options\":{\"1\":[\"Therefor; he pretended to be sick and remained in bed.\",\"Immediately, Mintu jumped up from his bed and swore the he was fine\"]},\"optionsl2\":{\"1\":[\" \\u092a\\u0902\\u091c\\u093e\\u092c \\u0928\\u0947\\u0936\\u0928\\u0932 \\u092c\\u0948\\u0902\\u0915\",\" \\u092d\\u093e\\u0930\\u0924\\u0940\\u092f \\u092e\\u0939\\u093f\\u0932\\u093e \\u092c\\u0948\\u0902\\u0915\"]}}]', 2, '[{\"answer\":\"1\"},{\"answer\":\"1\"}]', 2, 20, 'easy', 'Hint', '<p>Explanation</p>\r\n', NULL, 1, NULL, NULL, NULL, 0, 0, 0, NULL, '2018-04-02 21:44:34', '2018-04-02 21:44:34'),
(67, 1, 1, '', 'dc0568ca77c9723a7ccd59f15c8119a8c96bba37-66', 'para', '<p>Rearrange the following five sentences in proper sequence to form a meaningful paragraph, then answer the questions given below.</p>\r\n', '', 0, 2, '[{\"question\":\"Which of the sentences should come second in the paragraph ?\",\"questionl2\":\"\\u0939\\u093e\\u0932 \\u092e\\u0947\\u0902 \\u0926\\u093f\\u0902\\u0935\\u0917\\u0924 \\u0939\\u0941\\u090f \\u092e\\u0932\\u094d\\u0932\\u0940 \\u092e\\u0938\\u094d\\u0924\\u093e\\u0928 \\u092c\\u093e\\u092c\\u0942 \\u0915\\u093e \\u0938\\u092e\\u094d\\u092c\\u0928\\u094d\\u0927 \\u0928\\u093f\\u092e\\u094d\\u0928 \\u092e\\u0947\\u0902 \\u0938\\u0947 \\u0915\\u093f\\u0938 \\u0915\\u094d\\u0937\\u0947\\u0924\\u094d\\u0930 \\u0938\\u0947 \\u0925\\u093e?\",\"total_options\":\"2\",\"options\":[[\"A Study to this effects suggests that the average white-collar worker demonstrates only about 25% listening efficiency.\",\"However for trained and good listeners it is not unusual to use all the three approaches during a setting, thus improving listening efficiency.\"]],\"optionsl2\":[[\"\\u0915\\u0941\\u0936\\u094d\\u0924\\u0940\",\"\\u0935\\u093e\\u0932\\u0940\\u092c\\u093e\\u0932\"]]},{\"question\":\"Which of the sentences should come fourth in the paragraph ?\",\"questionl2\":\"\\u0932 \\u092e\\u0947\\u0902 \\u0926\\u093f\\u0902\\u0935\\u0917\\u0924 \\u0939\\u0941\\u090f \\u092e\\u0932\\u094d\\u0932\\u0940 \\u092e\\u0938\\u094d\\u0924\\u093e\\u0928 \\u092c\\u093e\\u092c\\u0942 \\u0915\\u093e \\u0938\\u092e\\u094d\\u092c\\u0928\\u094d\\u0927 \\u0928\\u093f\\u092e\\u094d\\u0928 \\u092e\\u0947\\u0902 \\u0938\\u0947 \\u0915\\u093f\\u0938 \\u0915\\u094d\\u0937\\u0947\\u0924\\u094d\\u0930 \\u0938\\u0947 \\u0925\\u093e?\",\"total_options\":\"2\",\"options\":{\"1\":[\"Although we spend nearly half of each communication interaction listening, we do not listen well.\",\"Each approach has a particular emphasis that may help us to receive and process informationin different settings.\"]},\"optionsl2\":{\"1\":[\"\\u0915\\u0941\\u0936\\u094d\\u0924\\u0940\",\"\\u0935\\u093e\\u0932\\u0940\\u092c\\u093e\\u0932\"]}}]', 2, '[{\"answer\":\"1\"},{\"answer\":\"1\"}]', 2, 20, 'easy', ' No Hint ', '<p>No Explanation</p>\r\n', NULL, 1, NULL, NULL, NULL, 0, 0, 0, NULL, '2018-04-02 21:49:23', '2018-04-02 21:49:23'),
(68, 1, 1, '', '9021892f23a7a641d790c8db4f310f59d5d45da7-67', 'video', '<h2>Which county did Ravi Shastri play for?</h2>\r\n', '68question.mp4', 0, 2, '[{\"question\":\" Who was the first Indian to win the World Amateur Billiards title?\",\"questionl2\":\"\\u0911\\u092a\\u0930\\u0947\\u0936\\u0928 \\u0926\\u0941\\u0930\\u094d\\u0917\\u093e \\u0915\\u093e \\u0936\\u0941\\u092d\\u093e\\u0930\\u0902\\u092d \\u0939\\u0941\\u0906 ?\",\"total_options\":\"2\",\"options\":[[\"Glamorgan\",\"Leicestershire\"]],\"optionsl2\":[[\"\\u0915\\u0941\\u0936\\u094d\\u0924\\u0940\",\"\\u0915\\u0941\\u0936\\u094d\\u0924\\u0940\"]]},{\"question\":\" Who was the first Indian to win the World Amateur Billiards title?\",\"questionl2\":\"\\u0905\\u092a\\u094d\\u0930\\u0948\\u09322015 \\u092e\\u0947\\u0902 \\u0915\\u093f\\u0938 \\u092d\\u093e\\u0930\\u0924\\u0940\\u092f \\u092c\\u0948\\u0902\\u0915 \\u0928\\u0947 \'\\u090f\\u0936\\u093f\\u092f\\u0928 \\u092c\\u0948\\u0902\\u0915\\u0930 \\u0905\\u091a\\u0940\\u0935\\u092e\\u0947\\u0902\\u091f \\u092a\\u0941\\u0930\\u0938\\u094d\\u0915\\u093e\\u0930\' 2015 \\u091c\\u0940\\u0924\\u093e \\u0939\\u0948?\",\"total_options\":\"2\",\"options\":{\"1\":[\"Gloucestershire\",\"Lancashire\"]},\"optionsl2\":{\"1\":[\"\\u092a\\u0902\\u091c\\u093e\\u092c \\u0928\\u0947\\u0936\\u0928\\u0932 \\u092c\\u0948\\u0902\\u0915\",\"\\u092a\\u0902\\u091c\\u093e\\u092c \\u0928\\u0947\\u0936\\u0928\\u0932 \\u092c\\u0948\\u0902\\u0915\"]}}]', 2, '[{\"answer\":\"1\"},{\"answer\":\"1\"}]', 2, 20, 'easy', 'Hint', '<p>Explanation</p>\r\n', NULL, 1, NULL, NULL, NULL, 0, 0, 0, NULL, '2018-04-02 21:54:47', '2018-04-02 21:54:50'),
(69, 1, 1, '', '870fdf55c51a774071efb591b933e82d7cb04d35-68', 'audio', '<p>Who was the first Indian to win the World Amateur Billiards title?</p>\r\n', '69question.', 0, 1, '[{\"question\":\"Who was the first Indian to win the World Amateur Billiards title?\",\"questionl2\":\"\\u0939\\u093e\\u0932 \\u092e\\u0947\\u0902 \\u0926\\u093f\\u0902\\u0935\\u0917\\u0924 \\u0939\\u0941\\u090f \\u092e\\u0932\\u094d\\u0932\\u0940 \\u092e\\u0938\\u094d\\u0924\\u093e\\u0928 \\u092c\\u093e\\u092c\\u0942 \\u0915\\u093e \\u0938\\u092e\\u094d\\u092c\\u0928\\u094d\\u0927 \\u0928\\u093f\\u092e\\u094d\\u0928 \\u092e\\u0947\\u0902 \\u0938\\u0947 \\u0915\\u093f\\u0938 \\u0915\\u094d\\u0937\\u0947\\u0924\\u094d\\u0930 \\u0938\\u0947 \\u0925\\u093e?\",\"total_options\":\"2\",\"options\":[[\"Geet Sethi\",\"Wilson Jones\"]],\"optionsl2\":[[\"\\u0915\\u0941\\u0936\\u094d\\u0924\\u0940\",\"\\u0935\\u093e\\u0932\\u0940\\u092c\\u093e\\u0932\"]]}]', 1, '[{\"answer\":\"1\"}]', 2, 20, 'easy', 'NO hint', '<p>No Explanation</p>\r\n', NULL, 1, NULL, NULL, NULL, 0, 0, 0, NULL, '2018-04-02 21:56:46', '2018-04-02 21:56:46'),
(70, 5, 5, '', '06f17c0b4a2a9dc8a711165017f61bc828659b28-69', 'radio', 'Which of the following terms is not used in the field of physics?', '', 0, 2, '[{\"option_value\":\"Latent heat\",\"has_file\":0,\"file_name\":\"\"},{\"option_value\":\"Stock value\\n \\n\",\"has_file\":0,\"file_name\":\"\"}]', 1, '1', 2, 30, 'easy', 'no hint', 'No explanation', NULL, 1, NULL, NULL, NULL, 0, 0, 0, NULL, '2018-04-03 15:55:25', '2018-04-03 15:55:25'),
(71, 5, 5, '', 'aec84880677519f8df9ccb4a87dfcdc91cb4e57b-70', 'radio', 'Radiocarbon is produced in the atmosphere as a result of', '', 0, 2, '[{\"option_value\":\"Collision between fast neutrons and nitrogen nuclei present in the atmosphere.\",\"has_file\":0,\"file_name\":\"\"},{\"option_value\":\"Action of ultraviolet light from the sun on atmospheric oxygen.\",\"has_file\":0,\"file_name\":\"\"}]', 1, '1', 2, 30, 'easy', 'no hint', 'No explanation', NULL, 1, NULL, NULL, NULL, 0, 0, 0, NULL, '2018-04-03 15:55:25', '2018-04-03 15:55:25'),
(72, 5, 5, '', 'b15245db7df750face6f64e333713132e4e476fa-71', 'radio', 'It is easier to roll a stone up a sloping road than to lift it vertical upwards because', '', 0, 2, '[{\"option_value\":\"Work done in rolling is more than in lifting.\",\"has_file\":0,\"file_name\":\"\"},{\"option_value\":\"Work done in lifting the stone is equal to rolling it.\",\"has_file\":0,\"file_name\":\"\"}]', 1, '1', 2, 30, 'easy', 'no hint', 'No explanation', NULL, 1, NULL, NULL, NULL, 0, 0, 0, NULL, '2018-04-03 15:55:25', '2018-04-03 15:55:25'),
(73, 5, 5, '', '4d5e55dcd998b716d1d1212ac91c41f217682543-72', 'radio', 'The absorption of ink by blotting paper involves:', '', 0, 2, '[{\"option_value\":\"Viscosity of ink\",\"has_file\":0,\"file_name\":\"\"},{\"option_value\":\"Capillary action phenomenon\",\"has_file\":0,\"file_name\":\"\"}]', 1, '1', 2, 30, 'easy', 'no hint', 'No explanation', NULL, 1, NULL, NULL, NULL, 0, 0, 0, NULL, '2018-04-03 15:55:25', '2018-04-03 15:55:25'),
(74, 5, 5, '', 'a4b53cbcd15294d7d8487af992b3da1bcd195363-73', 'radio', '\nSiphon will fail to work if:', '', 0, 2, '[{\"option_value\":\"The densities of the liquid in the two vessels are equal.\",\"has_file\":0,\"file_name\":\"\"},{\"option_value\":\"The level of the liquid in the two vessels are at the same height.\",\"has_file\":0,\"file_name\":\"\"}]', 1, '1', 2, 30, 'easy', 'no hint', 'No explanation', NULL, 1, NULL, NULL, NULL, 0, 0, 0, NULL, '2018-04-03 15:55:25', '2018-04-03 15:55:25'),
(75, 5, 5, '', '09e7dbcbd5d9860e0eb9d5da9189afb968de6b61-74', 'radio', 'Large transformers, when used for some time, become very hot and are cooled by circulating oil. The heating of the transformer is due to:', '', 0, 2, '[{\"option_value\":\"The heating effect of current alone\",\"has_file\":0,\"file_name\":\"\"},{\"option_value\":\"Hysteresis loss alone\",\"has_file\":0,\"file_name\":\"\"}]', 1, '1', 2, 30, 'easy', 'no hint', 'No explanation', NULL, 1, NULL, NULL, NULL, 0, 0, 0, NULL, '2018-04-03 15:55:25', '2018-04-03 15:55:25'),
(76, 5, 5, '', '78decf16758427689d047ee0177f0f1eca6df8b2-75', 'radio', '\nNuclear sizes are expressed in a unit named', '', 0, 2, '[{\"option_value\":\"Fermi\\n\",\"has_file\":0,\"file_name\":\"\"},{\"option_value\":\"Angstrom\",\"has_file\":0,\"file_name\":\"\"}]', 1, '1', 2, 30, 'easy', 'no hint', 'No explanation', NULL, 1, NULL, NULL, NULL, 0, 0, 0, NULL, '2018-04-03 15:55:25', '2018-04-03 15:55:25'),
(77, 5, 5, '', '618dbbef2cbfab07420f542a263f2f3d8227c228-76', 'radio', 'Light year is a unit of', '', 0, 2, '[{\"option_value\":\"Time\\n\",\"has_file\":0,\"file_name\":\"\"},{\"option_value\":\"Distance\",\"has_file\":0,\"file_name\":\"\"}]', 1, '1', 2, 30, 'easy', 'no hint', 'No explanation', NULL, 1, NULL, NULL, NULL, 0, 0, 0, NULL, '2018-04-03 15:55:25', '2018-04-03 15:55:25'),
(78, 5, 5, '', '2b0283f0d722ce7317fc11eb2763f3805788aeea-77', 'radio', 'Mirage is due to:', '', 0, 2, '[{\"option_value\":\"Unequal heating of different parts of the atmosphere\",\"has_file\":0,\"file_name\":\"\"},{\"option_value\":\"Magnetic disturbances in the atmosphere\\n \\n \",\"has_file\":0,\"file_name\":\"\"}]', 1, '1', 2, 30, 'easy', 'no hint', 'No explanation', NULL, 1, NULL, NULL, NULL, 0, 0, 0, NULL, '2018-04-03 15:55:25', '2018-04-03 15:55:25'),
(79, 5, 5, '', '70d95fa887dfbb6c9446ca3ef781e4c1d16da438-78', 'radio', 'Light from the Sun reaches us in nearly', '', 0, 2, '[{\"option_value\":\"2 minutes\",\"has_file\":0,\"file_name\":\"\"},{\"option_value\":\"4 minutes\",\"has_file\":0,\"file_name\":\"\"}]', 1, '1', 2, 30, 'easy', 'no hint', 'No explanation', NULL, 1, NULL, NULL, NULL, 0, 0, 0, NULL, '2018-04-03 15:55:25', '2018-04-03 15:55:25'),
(80, 5, 5, '', '78c0fb11412efb0f4bb4b14ba191a986d1bb8eb5-79', 'radio', 'Stars appears to move from east to west because', '', 0, 2, '[{\"option_value\":\"All stars move from east to west\",\"has_file\":0,\"file_name\":\"\"},{\"option_value\":\"The earth rotates from west to east\",\"has_file\":0,\"file_name\":\"\"}]', 1, '1', 2, 30, 'easy', 'no hint', 'No explanation', NULL, 1, NULL, NULL, NULL, 0, 0, 0, NULL, '2018-04-03 15:55:25', '2018-04-03 15:55:25'),
(81, 5, 5, '', '6a600260ac6200d046b68ce403b107cc017e786d-80', 'radio', 'Pa(Pascal) is the unit for', '', 0, 2, '[{\"option_value\":\"Thrust\",\"has_file\":0,\"file_name\":\"\"},{\"option_value\":\"Pressure\",\"has_file\":0,\"file_name\":\"\"}]', 1, '1', 2, 30, 'easy', 'no hint', 'No explanation', NULL, 1, NULL, NULL, NULL, 0, 0, 0, NULL, '2018-04-03 15:55:25', '2018-04-03 15:55:25'),
(82, 5, 5, '', 'aaab1ef24a108e0d01e74acde6d5524eae91e05b-81', 'radio', 'Planets do not twinkle because', '', 0, 2, '[{\"option_value\":\"They emit light of a constant intensity\",\"has_file\":0,\"file_name\":\"\"},{\"option_value\":\"Their distance from the earth does not change with time\",\"has_file\":0,\"file_name\":\"\"}]', 1, '1', 2, 30, 'easy', 'no hint', 'No explanation', NULL, 1, NULL, NULL, NULL, 0, 0, 0, NULL, '2018-04-03 15:55:25', '2018-04-03 15:55:25'),
(83, 5, 5, '', 'e2df7f709f1fe24636b98e1036df2dd8b2850ee4-82', 'radio', 'Metals are good conductors of electricity because:', '', 0, 2, '[{\"option_value\":\"They contain free electrons.\",\"has_file\":0,\"file_name\":\"\"},{\"option_value\":\"The atoms are lightly packed.\",\"has_file\":0,\"file_name\":\"\"}]', 1, '1', 2, 30, 'easy', 'no hint', 'No explanation', NULL, 1, NULL, NULL, NULL, 0, 0, 0, NULL, '2018-04-03 15:55:25', '2018-04-03 15:55:25'),
(84, 5, 5, '', 'ee82ac7602454ac4f383d73ebbd410b04b2e9d66-83', 'radio', 'Pick out the scalar quantity', '', 0, 2, '[{\"option_value\":\"Force\",\"has_file\":0,\"file_name\":\"\"},{\"option_value\":\"Pressure\",\"has_file\":0,\"file_name\":\"\"}]', 1, '1', 2, 30, 'easy', 'no hint', 'No explanation', NULL, 1, NULL, NULL, NULL, 0, 0, 0, NULL, '2018-04-03 15:55:25', '2018-04-03 15:55:25'),
(85, 5, 5, '', '71b2bdeb8e51a43ce68e6dfdf8a7d6316815124c-84', 'radio', 'Rectifiers are used to convert:', '', 0, 2, '[{\"option_value\":\"Direct current to Alternating current\",\"has_file\":0,\"file_name\":\"\"},{\"option_value\":\"Alternating current to Direct current\",\"has_file\":0,\"file_name\":\"\"}]', 1, '1', 2, 30, 'easy', 'no hint', 'No explanation', NULL, 1, NULL, NULL, NULL, 0, 0, 0, NULL, '2018-04-03 15:55:25', '2018-04-03 15:55:25'),
(86, 5, 5, '', '91c823e1c7c305e5fa0461870d34c4408ac459d2-85', 'checkbox', '100 is formed by?', '', 0, 4, '[{\"option_value\":\"50+50\",\"has_file\":0,\"file_name\":\"\"},{\"option_value\":\"10x50\",\"has_file\":0,\"file_name\":\"\"},{\"option_value\":\"70+30\",\"has_file\":0,\"file_name\":\"\"},{\"option_value\":\"70+50\",\"has_file\":0,\"file_name\":\"\"}]', 2, '[{\"answer\":\"1\"},{\"answer\":\"3\"}]', 2, 30, 'easy', 'Test Hint', 'Test Explanation', NULL, 1, NULL, NULL, NULL, 0, 0, 0, NULL, '2018-04-03 15:59:51', '2018-04-03 15:59:51');

/*!40101 SET CHARACTER_SET_CLIENT=@OLD_CHARACTER_SET_CLIENT */;
/*!40101 SET CHARACTER_SET_RESULTS=@OLD_CHARACTER_SET_RESULTS */;
/*!40101 SET COLLATION_CONNECTION=@OLD_COLLATION_CONNECTION */;
